((-1)/(-1) + -17). Let k be l(v). What is x(k)?
-3
Let p(q) = -4*q - 3. Suppose d + 3*d = 4*s - 28, 3*s = -2*d + 11. Calculate p(d).
5
Let j(u) = u**3 + 6*u**2 - u - 6. Let r be j(-6). Suppose r = o - 0 - 2. Suppose 0 = -m - 4 + o. Let h(a) = a**2 + 3*a + 3. What is h(m)?
1
Let w = -17 + 27. Let z(f) = -f**3 - 2*f - 18 - 2*f + w + 7*f**2. What is z(6)?
4
Let c = -1 + 3. Let b(o) = 3*o + 10 - 2*o**2 + o**c - 6. Determine b(6).
-14
Suppose -o + 2*g = -13, -5*o - g - 2 = -4*o. Let l(u) = -u**2 - 4*u**3 + 3*u**2 + 2*u + 3*u**3. Determine l(o).
-3
Let z(a) = -2 + 4 + a - 1. Suppose -5*v = -5*t + 5, -4*t = -2*v + t - 11. Suppose v - 11 = 3*c. What is z(c)?
-2
Let r(u) = 5*u - 2*u + 0*u + u**2 - 3. Let m be 0 + (12 - 2) - -2. Suppose -2*b = -5*v - 14, -5*b + 4 = -3*v - m. What is r(b)?
7
Let b(l) be the first derivative of l**4/4 - 2*l**3 + 5*l**2/2 + 6*l + 2. Suppose -4*p = -2*p - 4. Suppose p*g + 0 = 10. Give b(g).
6
Let x(d) be the first derivative of -2*d**4/3 + d**3/3 + d**2/2 - 3*d - 3. Let c(t) be the first derivative of x(t). What is c(-1)?
-9
Let h(l) = -l**3 + 5*l**2 - 3*l - 1. Let y be (-10)/(-4) - (-9)/6. Determine h(y).
3
Suppose 0 = -t - 4*d + 6, -2*t + 1 = 2*d - 11. Let c(q) be the first derivative of -q**4/4 + 7*q**3/3 - 7*q**2/2 + 8*q + 2. Calculate c(t).
2
Suppose 0 = -5*j - 2*w + 40, -2*j + 16 = 3*w - 11. Let c(k) = k**2 - 10*k + 4. Determine c(j).
-20
Let r(x) = -2*x + 2. Let i = -27 + 25. What is r(i)?
6
Let d(l) = -7*l**3 - 1 + l**3 - 3*l**2 - 2*l + 4*l**3. Let p = 3 + -2. Suppose -2*o = 3 + p. What is d(o)?
7
Suppose -18 = -3*o + 3*q, -2*q + 6 = -3*o + 21. Let c(v) = -2*v - o + v**2 + 2 + v + 0 - 6*v**3. Determine c(-1).
7
Let j(v) = 3*v - 11. Let t be j(3). Let y(a) = -11*a - 1. What is y(t)?
21
Let k(i) = -i + 1. Let z(q) = -q + 1. Let h(u) = -5*k(u) + 7*z(u). Let v(x) = 2*x**2 + 52*x + 53. Let w be v(-25). Give h(w).
-4
Suppose -5*t = 3*w + 12, 5*w = 3*t + 13 - 33. Let z(v) = -5*v + 5 - 3*v**2 + 2*v**2 + v. Calculate z(w).
5
Let j(g) = -g**3 + 2*g**2 - 4*g + 4. Let k(a) = -a**3 + 2*a**2 - 3*a + 3. Let d(h) = -4*j(h) + 5*k(h). Let v = -20 + 21. Determine d(v).
1
Let n(h) = h**2 - 3*h - 1. Suppose 0 = -6*i + 5*i + 8. Let a be (3/(-1))/((-6)/i). What is n(a)?
3
Let c(l) = 2 - l - 3 - 1. Let g(f) = -2*f - 7. Let t be g(-8). Suppose -15 - t = -d + 5*x, 0 = -3*d - 5*x - 28. What is c(d)?
-1
Let l(h) = -h - 7. Let i be l(-8). Suppose -3*c - 2 = -c. Let n = i + c. Let t(j) = j + 6. Calculate t(n).
6
Let o(r) = 3*r**3 - 3*r**2 - 3*r - 1. Let y(a) = 10*a + 38. Let w be y(-4). What is o(w)?
-31
Let w(d) = 2*d - 1. Let i = -5 + 4. What is w(i)?
-3
Let z(d) = -4*d - 2. Let j be (14/(-8))/(2/(-8)). Suppose j + 1 = -4*v. Calculate z(v).
6
Let o = 7 - 11. Let n = -6 - -12. Let w(i) = 8*i - 4*i + i**2 + n + i. Give w(o).
2
Let m(t) = t**3 + t**2 + 9. Suppose b = 6*b - 20. Suppose -b*d = -3*d. Determine m(d).
9
Let p(u) be the first derivative of -u**4/4 - 2*u**3/3 + 3*u**2/2 - 3*u - 4. Give p(2).
-13
Let g(w) = 2*w**2 - 6*w + 7. Let h be g(3). Let v(t) = t**3 - 6*t**2 - 8*t - 1. Calculate v(h).
-8
Let n(f) = f**3 - 4*f**2 - 5*f + 2. Suppose -24 = -6*k - 0. Give n(k).
-18
Let p(o) = -2*o - 1. Let t be ((-14)/(-539)*7)/(3/33). Give p(t).
-5
Let o = -4 - -3. Let v be o/2 + 21/6. Let y(h) = h**3 - 4*h**2 + 4*h - 1. Give y(v).
2
Let b(n) = 5*n + 1. Let w(a) = -7*a**2 + a. Let v be w(-1). Let i(x) = -x**3 - 9*x**2 - 9*x - 9. Let u be i(v). Determine b(u).
-4
Let i(t) = -t**2 - 5*t - 1. Suppose -1 = -3*c - 7, -5*c - 30 = 5*a. Determine i(a).
3
Let j(p) = -p**2 + 6*p - 6. Let c be j(6). Let z be ((-6)/4)/(c/16). Let n(i) = -4*i + 2*i - 3*i**2 - i**3 + 5*i - 5*i - z. Calculate n(-3).
2
Let c(n) = 2*n - 16. Let l(b) = 3*b - 25. Let h(z) = -8*c(z) + 5*l(z). Determine h(9).
-6
Suppose 0 = -4*y + 29 - 9. Let j(o) = -3*o + 2. Calculate j(y).
-13
Suppose -2*f + 6 = -4*f + v, -5*f - 15 = -v. Let u(w) = -w**3 - 4*w**2 - 4*w + 1. Give u(f).
4
Let m be 2 + -5 + 0/1. Let t(a) be the first derivative of -a**4/12 - a**3/2 + 3*a + 3. Let y(s) be the first derivative of t(s). Calculate y(m).
0
Let x be 1/2*(-1 - -13). Let n(d) = 3 - d**2 + 6*d**3 - 11*d**3 + x*d**3. Determine n(0).
3
Suppose -2*f + 1 = -n + 2*f, 4*n - 7 = 5*f. Let j(k) = -6 - 5*k - 2*k + n*k + 2*k. Determine j(-6).
6
Suppose c + 1 = 5*p, -4*c + 6*c = -5*p + 13. Let m(s) = 13*s**3 - 2*s**2 + 2*s - 1. Calculate m(p).
12
Let i(z) = 2*z + 7. Let f = 6 - 11. Determine i(f).
-3
Let i be (4/4)/(2/8). Let v(j) be the third derivative of -j**5/60 + j**4/6 - 5*j**3/6 + j**2. Determine v(i).
-5
Let o(d) = d**3 - 6*d**2 + 3*d. Let f be 2/((-3)/3) - -7. What is o(f)?
-10
Let k(m) = -m**2 - m - 1. Let g = 1 - -1. Suppose -g*n + 26 = 4*y, -5*n = 5*y - 7*y - 5. Suppose 2*f = -n*f. What is k(f)?
-1
Let b be (-5)/(10/(-8)) + -2. Let j(g) = -b*g + 12*g - 3*g + g**3 - 6*g**2 - 5. Calculate j(5).
5
Let m(q) be the third derivative of -q**6/360 - q**5/30 - q**4/8 - q**3/6 - 2*q**2. Let t(l) be the first derivative of m(l). Let x be (-1)/2*2*5. Give t(x).
-8
Let o be (-216)/20 - 2/10. Let r be 2/4*(o - -5). Let z(p) = p**3 + 4*p**2 - 2. Determine z(r).
7
Let a(k) = k + 1. Let t(x) = -x + 2. Let n be t(4). Let u = 6 + n. Suppose o = u*l - 5, 0 = 4*o + l + 3*l. Determine a(o).
0
Let s(z) = 7*z**3 - 3*z**2 - 4*z - 1. Let q(o) = 9*o**3 - 2*o**2 - 5*o - 1. Let w(j) = 3*q(j) - 4*s(j). Give w(6).
7
Let a(q) = -1 + 0*q - q**2 - 3*q + 5 + 5*q. What is a(3)?
1
Let s(t) = 0*t + 2 + 126*t**3 - 127*t**3 - 2*t**2 + 2*t. Determine s(-2).
-2
Let x(r) = 5*r + 3. Let u(w) = 4*w + 3. Let f(m) = 4*u(m) - 3*x(m). Let s(o) = -3*o - 7. Let n(a) = 5*f(a) + 2*s(a). Let y be 1/(-2)*(1 + 1). Give n(y).
2
Suppose 20 = -k + 3*k. Let w = -7 + k. Suppose -w*l - 11 = -4*m, -4*l - l + m + 10 = 0. Let g(z) = -z**2 + 2*z + 3. What is g(l)?
0
Suppose v - 16 = -j, 5*j - 20 = -2*v + v. Suppose -4*z = -v + 3. Let n(d) = d**z + d - d. What is n(-1)?
-1
Let t be 10 + (64/(-4))/4. Suppose -q + t*q = -20. Let w(j) = j**3 + 5*j**2 - 5. What is w(q)?
11
Let u(o) = -o + 1. Let r(d) be the first derivative of -d**2 + 2*d - 1. Let j(f) = -2*r(f) + 3*u(f). Suppose -6*v + 16 + 20 = 0. Calculate j(v).
5
Let r(w) = 6*w**2 + w - 1. Let c be r(1). Let v = c - 0. Let y(a) be the first derivative of -a**3/3 + 2*a**2 + 6*a + 15. What is y(v)?
-6
Suppose 0 = -4*f + 7 + 1. Let u(y) = -y**f + 1 + y**2 - 3*y**2. Suppose 1 = 4*j + 5. What is u(j)?
-2
Let d = -23 + 25. Let s(w) = -2*w**2 - 8*w**d + 5 - 12 + 6. What is s(-1)?
-11
Let s(p) = -p - 5. Let v be s(-6). Let f = -4 + 5. Let m(q) = 3*q**3 + 3*q**2 - 2 - q + f - 4*q**2 + 2. What is m(v)?
2
Suppose -3*b + 3*x - 34 = -7, 5*b = -5*x - 5. Let y(o) be the first derivative of o**3/6 + 3*o**2 + o - 2. Let f(k) be the first derivative of y(k). Give f(b).
1
Let r(i) = -i**2 + 5*i. Let n be r(4). Suppose j = -n*j + 25. Suppose 0 = -0*z + 5*z - j. Let k(t) = -7*t**2 + t - 1. Calculate k(z).
-7
Let q(d) = -3*d**2 - 14*d - 7. Let x(h) = h**2 + 5*h + 2. Let m(l) = 2*q(l) + 7*x(l). Calculate m(-8).
8
Let w(c) = -c - 3. Let b be -1 + -4 + (-3)/3 - -1. Give w(b).
2
Let o(l) = -2*l**2 + 11*l + 1. Let j(h) = -3*h**2 + 12*h + 1. Let b(f) = 3*j(f) - 4*o(f). Let y be (1 + -4)*(-8)/(-6). Determine b(y).
15
Let o(u) = 2*u - 1. Suppose -3*m + 2*g + 3*g = -4, 0 = m + g + 4. Let k be o(m). Let b(n) = -n**2 - 4*n + 1. Determine b(k).
-4
Let h(f) = 4*f**3 - 7*f**2 + f + 5. Let w(a) = 3*a**3 - 6*a**2 + a + 4. Let r(d) = -2*h(d) + 3*w(d). Give r(3).
-4
Let o(i) = i**2. Let u(p) = -3*p**2 + 2. Let z(h) = -4*o(h) - u(h). What is z(-2)?
-6
Let p = -7 - -6. Let k be p/5 - (-120)/(-25). Let u(v) be the third derivative of -v**5/60 - v**4/6 - v**3/6 - 4*v**2. What is u(k)?
-6
Let g(s) = -2 + 1 - s - 7*s**2 - s**2. Determine g(-1).
-8
Let n(c) = c. Let a(t) = -2*t + 1 + 0*t + t**3 - 5 - 6*t**2 + 8*t. Let v be a(5). Determine n(v).
1
Let b(s) = s**3 - 8 - 6*s + 10 - 3*s**2 + 6*s. Suppose -4*m - 4*v = -23 + 7, 3*v + 3 = 0. Suppose -m*h = -3*p + 5*p + 6, 0 = -2*p - 4*h - 4. Give b(p).
-2
Let j be 94/18 - 4/18. Let f(l) = 2*l**2 + 41 - 16 - l**2 - 6*l - 5 - 14. What is f(j)?
1
Suppose 0 = 4*f + v - 55, -25 = -2*f + f - 4*v. Let s = f + -18. Let r(c) = c - 1. Calculate r(s).
-6
Let c(f) be the first derivative of -f**3/3 + 3*f**2/2 + 2. Suppose 6 = 2*w - 0. Let v